-21 (base 15) in base 2?
-11111
2b (base 13) to base 8
45
Convert 242 (base 5) to base 10.
72
Convert -16 (base 7) to base 6.
-21
-54 (base 13) to base 5
-234
What is -a (base 12) in base 6?
-14
What is -11 (base 4) in base 12?
-5
What is 3 (base 10) in base 16?
3
What is -31 (base 14) in base 8?
-53
-5 (base 15) to base 5
-10
Convert -1 (base 3) to base 8.
-1
3 (base 6) to base 4
3
-22 (base 3) to base 4
-20
-422 (base 6) to base 9
-185
Convert 12 (base 16) to base 5.
33
What is 12200 (base 3) in base 10?
153
What is 19 (base 13) in base 7?
31
0 (base 12) to base 8
0
Convert 18 (base 12) to base 3.
202
What is -124 (base 8) in base 16?
-54
-26 (base 9) to base 7
-33
Convert -a8 (base 11) to base 16.
-76
What is 6 (base 14) in base 5?
11
What is -4 (base 10) in base 9?
-4
Convert -13 (base 13) to base 14.
-12
Convert 0 (base 16) to base 6.
0
What is -10010 (base 3) in base 4?
-1110
Convert -2 (base 13) to base 7.
-2
Convert 1 (base 11) to base 8.
1
300 (base 4) to base 11
44
Convert 57 (base 12) to base 14.
4b
What is 1100100 (base 2) in base 13?
79
Convert -96 (base 12) to base 11.
-a4
Convert -11 (base 10) to base 4.
-23
-63 (base 7) to base 2
-101101
What is 11 (base 10) in base 9?
12
1121 (base 3) to base 11
3a
What is 10121 (base 3) in base 16?
61
-22 (base 11) to base 4
-120
-102 (base 5) to base 14
-1d
What is -100000101 (base 2) in base 16?
-105
-6d (base 15) to base 14
-75
What is 82 (base 16) in base 11?
109
What is -122 (base 13) in base 9?
-238
2103 (base 5) to base 10
278
Convert 11111 (base 2) to base 9.
34
-105 (base 12) to base 13
-b6
What is -20 (base 7) in base 14?
-10
What is 6 (base 7) in base 4?
12
3 (base 16) to base 5
3
Convert 23 (base 8) to base 12.
17
-5 (base 15) to base 11
-5
What is 2 (base 5) in base 11?
2
-70 (base 12) to base 9
-103
What is -35 (base 15) in base 11?
-46
What is 1331 (base 6) in base 16?
157
Convert 1001 (base 2) to base 14.
9
Convert 14 (base 13) to base 10.
17
Convert -1 (base 2) to base 5.
-1
What is -5 (base 9) in base 6?
-5
-242 (base 12) to base 9
-415
-3 (base 9) to base 14
-3
17 (base 16) to base 11
21
What is -10 (base 12) in base 10?
-12
What is -22 (base 3) in base 16?
-8
-112 (base 10) to base 7
-220
What is 11 (base 5) in base 10?
6
39 (base 14) to base 3
1220
5 (base 12) to base 11
5
What is -7 (base 12) in base 13?
-7
What is 2 (base 8) in base 2?
10
9 (base 15) to base 8
11
What is -342 (base 7) in base 6?
-453
10000010 (base 2) to base 7
244
What is 541 (base 6) in base 3?
21121
Convert 0 (base 6) to base 8.
0
Convert 1 (base 10) to base 15.
1
-10100 (base 2) to base 15
-15
What is 7 (base 15) in base 12?
7
What is -3 (base 9) in base 10?
-3
-2 (base 14) to base 13
-2
Convert 3 (base 12) to base 16.
3
110 (base 3) to base 10
12
-1110111 (base 2) to base 16
-77
What is -11 (base 14) in base 4?
-33
Convert 57 (base 8) to base 10.
47
114 (base 10) to base 3
11020
Convert -1001 (base 2) to base 16.
-9
Convert 6 (base 11) to base 6.
10
Convert 204 (base 8) to base 6.
340
What is -17 (base 16) in base 7?
-32
-2 (base 9) to base 6
-2
Convert 71 (base 9) to base 15.
44
Convert 1223 (base 4) to base 5.
412
What is -1 (base 2) in base 16?
-1
What is 11 (base 5) in base 7?
6
What is -4 (base 9) in base 8?
-4
3 (base 13) to base 14
3
Convert -46 (base 7) to base 9.
-37
-20 (base 8) to base 2
-10000
Convert 11011010 (base 2) to base 14.
118
Convert 0 (base 7) to base 9.
0
-505 (base 6) to base 9
-225
11 (base 9) to base 11
a
4a (base 14) to base 6
150
-1140 (base 5) to base 10
-170
What is 45 (base 6) in base 3?
1002
What is 3 (base 13) in base 7?
3
What is -31 (base 9) in base 4?
-130
What is -16 (base 10) in base 11?
-15
Convert 3c (base 14) to base 15.
39
-1 (base 14) to base 15
-1
Convert -3 (base 16) to base 7.
-3
Convert 231 (base 4) to base 6.
113
What is 22 (base 8) in base 14?
14
What is 64 (base 9) in base 2?
111010
Convert -3 (base 6) to base 14.
-3
What is 130 (base 4) in base 2?
11100
-110110 (base 2) to base 9
-60
Convert -34 (base 12) to base 10.
-40
Convert -116 (base 15) to base 13.
-15c
Convert -35 (base 13) to base 7.
-62
Convert 1033 (base 4) to base 16.
4f
Convert -211 (base 3) to base 8.
-26
Convert -69 (base 14) to base 15.
-63
Convert -246 (base 7) to base 8.
-204
Convert -20 (base 12) to base 16.
-18
-1010 (base 2) to base 7
-13
-20 (base 15) to base 3
-1010
Convert 1020 (base 4) to base 16.
48
What is -233 (base 9) in base 2?
-11000000
Convert 21 (base 6) to base 15.
d
-4 (base 5) to base 2
-100
311 (base 5) to base 2
1010001
What is -11 (base 7) in base 9?
-8
What is 123 (base 8) in base 3?
10002
What is 2 (base 16) in base 10?
2
What is -3 (base 5) in base 8?
-3
10011 (base 2) to base 7
25
What is 7c (base 13) in base 10?
103
What is 1 (base 6) in base 12?
1
What is -1011 (base 2) in base 10?
-11
Convert -502 (base 6) to base 2.
-10110110
Convert 10 (base 4) to base 15.
4
What is 0 (base 11) in base 3?
0
5 (base 10) to base 7
5
Convert 1 (base 4) to base 10.
1
Convert -112 (base 3) to base 15.
-e
Convert 30 (base 13) to base 8.
47
-105 (base 13) to base 11
-149
Convert 1 (base 5) to base 9.
1
17 (base 16) to base 7
32
-12 (base 12) to base 8
-16
-176 (base 10) to base 7
-341
1 (base 16) to base 7
1
Convert 23 (base 11) to base 5.
100
What is -4 (base 7) in base 4?
-10
-1120 (base 3) to base 7
-60
What is 13 (base 10) in base 2?
1101
Convert -1133 (base 4) to base 14.
-6b
-11 (base 2) to base 7
-3
101011 (base 2) to base 3
1121
2 (base 15) to base 6
2
Convert -e (base 16) to base 5.
-24
Convert -3 (base 16) to base 4.
-3
Convert -3 (base 14) to base 2.
-11
What is -16 (base 11) in base 10?
-17
What is -26 (base 14) in base 11?
-31
30 (base 6) to base 13
15
1 (base 12) to base 2
1
120 (base 4) to base 6
40
Convert -1 (base 2) to base 11.
-1
Convert 22 (base 7) to base 13.
13
Convert -1010001 (base 2) to base 3.
-10000
What is 1204 (base 5) in base 9?
218
43 (base 16) to base 11
61
What is -4 (base 6) in base 11?
-4
Convert -5 (base 10) to base 3.
-12
5 (base 8) to base 11
5
What is -7 (base 10) in base 13?
-7
Convert 13 (base 9) to base 3.
110
17 (base 11) to base 5
33
Convert -404 (base 5) to base 13.
-80
Convert -10 (base 7) to base 13.
-7
What is 110 (base 5) in base 13?
24
Convert -2 (base 7) to base 6.
-2
-3 (base 10) to base 11
-3
Convert 18 (base 10) to base 12.
16
Convert -3 (base 12) to base 6.
-3
101111 (base 2) to base 4
233
What is -313 (base 5) in base 2?
-1010011
What is -3 (base 10) in base 2?
-11
Convert 212 (base 6) to base 9.
88
Convert 2 (base 13) to base 9.
2
Convert 1 (base 14) to base 7.
1
Convert 0 (base 8) to base 9.
0
25 (base 10) to base 15
1a
What is 11 (base 5) in base 12?
6
-4 (base 16) to base 6
-4
-56 (base 7) to base 12
-35
-13 (base 5) to base 2
-1000
Convert 16 (base 7) to base 14.
d
What is 0 (base 6) in base 10?
0
What is 1 (base 5) in base 15?
1
-52 (base 15) to base 2
-1001101
Convert 7 (base 11) to base 4.
13
Convert -272 (base 10) to base 9.
-332
Convert 100020 (base 3) to base 9.
306
What is -4 (base 9) in base 6?
-4
101 (base 11) to base 16
7a
-a (base 12) to base 8
-12
11010 (base 2) to base 7
35
Convert 20 (base 8) to base 13.
13
120 (base 5) to base 3
1022
1331 (base 5) to base 13
138
Convert 16 (base 16) to base 15.
17
What is 110111 (base 2) in base 5?
210
What is 3 (base 8) in base 9?
3
Convert -1 (base 4) to base 16.
-1
What is 3102 (base 4) in base 15?
e0
Convert -11 (base 4) to base 6.
-5
136 (base 10) to base 16
88
-41 (base 8) to base 14
-25
cb (base 15) to base 13
119
What is 4 (base 16) in base 7?
4
Convert 3 (base 7) to base 14.
3
Convert a (base 11) to base 2.
1010
Convert 16 (base 8) to base 6.
22
-1 (base 8) to base 7
-1
Convert -3 (base 9) to base 2.
-11
Convert 6 (base 13) to base 9.
6
-45 (base 6) to base 14
-21
11 (base 2) to base 14
3
-4 (base 6) to base 5
-4
Convert -24 (base 5) to base 2.
-1110
What is 124 (base 9) in base 12?
87
Convert -21 (base 7) to base 15.
-10
Convert -10 (base 4) to base 13.
-4
What is 0 (base 4) in base 16?
0
Convert 0 (base 12) to base 3.
0
What is -36 (base 11) in base 3?
-1110
-1122 (base 3) to base 4
-230
What is 134 (base 7) in base 12?
62
9 (base 13) to base 12
9
f (base 16) to base 3
120
Convert -403 (base 5) to base 6.
-251
What is -13 (base 4) in base 11?
-7
Conve